*a + 2121, -5*a + 2797 = m*f. Is f a prime number?
False
Let n = 1193953 + 21600. Is n a composite number?
False
Let o = 194 - -109. Suppose s = 238 + o. Is s prime?
True
Let y(k) = 1013*k**2 + 41*k - 67. Is y(18) prime?
True
Let j(g) = 3796*g**2 - 4*g + 1. Let b(y) = y**2 + 4*y - 3. Let r be b(-5). Suppose -5*i + 7*i = r. Is j(i) a prime number?
True
Let g = 18 - 109. Let y = -321 + g. Let o = y + 3197. Is o a prime number?
False
Let k(c) = -6 + 8*c**2 - 15*c - c**3 + 29 + 8*c**2 + 6*c**2. Let i be k(20). Suppose u - 1884 = -i. Is u a prime number?
True
Let b(r) = 43*r**2 + 5*r - 436. Is b(23) composite?
True
Let j(d) = 26*d**3 + 7*d**2 - 10*d - 1. Let n be j(8). Let o = -6840 + n. Is o composite?
True
Let x = 1342651 - 914222. Is x a prime number?
True
Let l = -1684 + 2521. Let b = 2494 - l. Is b composite?
False
Let h = -13874 - -19465. Let c = -2668 + h. Is c a prime number?
False
Let j(b) = 145*b + 41. Let m be j(15). Suppose m = -5*s + 11001. Is s composite?
True
Let f = -863 - -1384. Is f composite?
False
Let c = 63601 + -40418. Is c composite?
True
Let x(j) = -7*j + 82. Let c be x(11). Suppose -17*a - c = -12*a, 3*d = -a + 12722. Is d prime?
True
Let l be (-3)/((-3)/(-4))*(-14250)/200. Suppose l = 9*y - 408. Is y a prime number?
False
Suppose -5*b = 2*a - 101, a - 3 = -4*b + 49. Suppose 26 + 31 = 2*y - 5*k, 4*k - a = -y. Let t = -15 + y. Is t a prime number?
False
Suppose 24*c = 5406871 + 3346625. Is c a prime number?
False
Let z(j) = 6*j**2 - 21 + 5*j + 24 - 8*j**3 - 9 - 13. Is z(-6) a prime number?
False
Suppose -62650 - 53149 = -3*s + 5*h, -4*h = 16. Is s a composite number?
False
Let m = -4916 - -40262. Suppose -765*c - m = -771*c. Is c a prime number?
False
Let t(u) = -156*u + 292. Let c be t(-42). Let p = -3765 + c. Is p a composite number?
False
Let k be ((-3)/3)/((-1)/(-6)). Let h be (-40)/k*1692/5. Suppose -5*j + 3*b + 3752 = 4*b, -3*j = -b - h. Is j composite?
False
Let p(l) = 94*l**2 + l - 4. Let j be p(-2). Let n = -240 + j. Suppose -2*m = n - 532. Is m a composite number?
True
Is ((-3386466)/(-24))/((-6)/(-8)) prime?
True
Is (-23212695)/(-297) - (5/9 + (-2)/6) prime?
True
Let c = 31019 + -10228. Is c prime?
False
Let f be (-8)/(-36) - -4 - (-4)/(-18). Suppose -3*v = 4*p - 4067, -v - f*p = v - 2706. Is v composite?
False
Suppose 55*j + 30 = 65*j. Suppose j*i = -11*z + 8*z + 21306, 2*i = 2*z - 14208. Is z a prime number?
True
Let m(h) = -36096*h + 341. Is m(-2) prime?
True
Let y(p) = -2312*p - 661. Is y(-15) prime?
True
Suppose 2 = 2*h, -2*k = 3*h - 1352 - 3579. Let i = 4401 - k. Is i a composite number?
True
Let p(j) = -1019*j + 58. Let s be p(7). Let l = s - -10306. Suppose -11*k + 2*k + l = 0. Is k prime?
True
Let g(k) be the first derivative of k**4/2 + k**2 + 2357*k + 38. Is g(0) composite?
False
Suppose 285 = 30*q - 75. Suppose 32*f - 5860 = q*f. Is f a composite number?
False
Suppose 56*t + 372 = 59*t. Let z = t + -54. Suppose -5*h = 3*p - 530, -29 = -h - 2*p + z. Is h a composite number?
False
Let x(s) = s**2 + 3*s + 221. Let z be (-7)/(-14) - -3*(-3)/18. Let c be x(z). Let l = c + -102. Is l a prime number?
False
Let x(f) = -662*f - 351. Is x(-62) composite?
False
Let g be (-3 + -1)*-1 - -1. Suppose -7505 = -g*u - 5*j + j, -5*u - 5*j + 7510 = 0. Is u a prime number?
False
Let i be ((1*-4)/28 + 1)*14. Suppose -5*a = -3*a + i. Is (-3)/a*-8 - -449 a prime number?
False
Suppose 20*l + 1088317 + 1211891 = 68*l. Is l a prime number?
False
Let w(t) = 5745*t**2 + 23*t - 73. Is w(4) a prime number?
True
Suppose 10 = -3*x + 5*x, -5*o + 49710 = 3*x. Suppose 15162 + o = 9*j. Is j a composite number?
False
Suppose 11*c = -n + 6*c + 37936, 5*n - 189702 = -3*c. Is n prime?
False
Let c(u) = u**3 + 5*u**2 + 5*u. Let s be c(-4). Let v(m) = 445*m**2 + 4*m + 8. Let i be v(s). Suppose -i = -6*n + 4054. Is n a prime number?
True
Suppose 7*y - 117 = -v + 2*y, -2*y + 396 = 4*v. Suppose v*o + 4 = 98*o. Is ((-50)/o - 3)/((-1)/34) a prime number?
False
Let q be 270/4*(-2016)/(-70). Suppose -4*s - 1935 = -3*h, 4*s - q = -3*h + 5*s. Is h prime?
False
Let r = 45 + 20. Suppose -2*q + 4*y = 14, 6*q + 5*y + r = q. Let a(t) = 9*t**2 - 3*t - 43. Is a(q) composite?
True
Suppose 6*r + 30 = 16*r. Is (1801/4)/(((-6)/(-8))/r) prime?
True
Suppose 4*h = 5*h - 3. Let p = 39 + -35. Suppose -h*z + 821 = -0*q + 4*q, -p*z = 3*q - 621. Is q prime?
False
Let c = 4 + -4. Suppose 0 = -f + 7 - c. Suppose -f*u + 278 = -1479. Is u prime?
True
Suppose 3*y - 91253 = -32*r + 37*r, 2*y + 3*r - 60848 = 0. Is y composite?
True
Let t = 17640 + 14617. Is t a composite number?
False
Suppose -5*h + p + 555582 = 2*p, 2*h + 2*p = 222228. Is h a composite number?
True
Suppose 0 = -2*s - 12 + 20. Suppose -s*o + a + 33628 = -0*a, 0 = o - 4*a - 8407. Is o composite?
True
Suppose 233764 - 11500 = -18*a. Let q = a + 17861. Is q a composite number?
True
Is (-1 + (-189)/4)/((-158)/302728) a prime number?
False
Let t = 12478 - 8111. Is t a prime number?
False
Let o be 10/(-6) + 1 - (-3828)/18. Suppose -2*q + o + 2948 = 0. Is (-21)/(-14)*q/6 composite?
True
Suppose -5*z + 3*z - 4 = 2*r, 3*z + 12 = -r. Suppose r*b + 95 = -472. Let x = 482 + b. Is x prime?
True
Suppose 6*n - 3*n - 5*l = 129, 0 = 5*n - l - 215. Suppose 3*q - 49 = -n. Is (-177)/q*(42/9)/(-7) a composite number?
False
Suppose -3*u + 15 = 2*u. Let y(i) be the second derivative of 10*i**3 + i**2/2 + 52*i. Is y(u) a composite number?
False
Let h(i) = -147*i - 1133. Is h(-48) a prime number?
True
Let d be 234558/33 + 2/(-11)*-1. Let o = d + -3119. Is o a prime number?
True
Let g(p) = 2*p - 21. Let u be g(12). Suppose -3 = l - 3*a, -u*l + 2 = a - 19. Suppose 0 = 10*z - l*z - 2260. Is z a prime number?
False
Suppose 0 = 8*k + 14*k + 5192. Let f = 349 + k. Is f a composite number?
False
Let n = -37 - -34. Let o(w) = 2*w**2 + 8*w + 6. Let g be o(n). Suppose -5*r + 166 + 789 = g. Is r a prime number?
True
Suppose j + 0*j = 92. Suppose -96*h = -j*h - 20. Is ((-6)/4 - h/(-5))*-278 a composite number?
False
Let d be (-852)/(-32) - 15/(-40). Is (d/(-18) - -1)/(2/(-3908)) prime?
True
Suppose -4572182 = -19*k + 6293975. Is k a composite number?
False
Suppose -3*b + b = -p - 5033, -2*b = 2*p - 5024. Suppose -4*t = f - 1997, 5*t - 7*f = -2*f + b. Suppose -2*x - g = -t, -3*g = 5*x - 1019 - 230. Is x composite?
False
Let m be 3 - (1 - (-3 - -3)). Let i(g) = g**3 - m*g**3 + 0*g - 15*g + 15*g**2 + 2*g + 16. Is i(13) prime?
False
Suppose -2*v + 3*v + 8 = 4*r, 20 = 5*v. Is (-62 + r - -8)/(-1) composite?
True
Let g(w) = 3*w**3 + 5*w**2 - 10*w. Let a(z) = -z**3 + z + 1. Let q(l) = 4*a(l) + g(l). Let d be q(7). Let n = 494 + d. Is n composite?
True
Let q be ((-3)/6 - 4/8)*-19. Let h(j) = -62*j + 11*j - q - 20 + 22. Is h(-16) prime?
False
Let x = -69526 - -160157. Is x a composite number?
False
Let y be (-4595)/(-10) + -1 + (-6)/4. Let w = y + 10042. Is w prime?
True
Let j(x) be the first derivative of 254*x**3/3 - 3*x**2 - 6*x + 33. Let d be j(5). Suppose 0 = 7*i - d + 1155. Is i a prime number?
False
Let n = 368762 + -163279. Is n a composite number?
False
Suppose -1 = 4*f + i, 4*f - i - 1 = 2*f. Suppose -15*v = 14*v - 205 + 31. Suppose -2694 = -v*j - f*j. Is j a composite number?
False
Let o = 820397 - 348028. Is o prime?
True
Is ((-2897955)/60)/(-7 - (-125)/20) prime?
True
Let b(r) = r**3 + 13*r**2 + 6*r + 3. Let i be (-8)/(-10)*(-225)/(-10). Suppose 55 = i*o - 23*o. Is b(o) composite?
False
Suppose -45*w = -38*w. Suppose -21*k + 13 + 680 = w. Is k composite?
True
Let r = 40 - 36. Suppose t - 1483 = -2*m + m, 0 = -r*m + 4*t + 5972. Suppose -m = -5*b + 3*o + 465, 4*o + 1556 = 4*b. Is b a prime number?
False
Let c(g) = -g**2 - 23*g - 130. Let l be c(-12). Suppose l*v - 9523 = -785. Is v a composite number?
True
Let o = -29370 + 82315. Is o a composite number?
True
Let a be (-59072)/78 + (-2)/(-6). Let j = 1094 + a. Is j a prime number?
True
Let z(h) = 6*h**3 + 6*h**3 + 0*h**3 - 3 + 6*h - h**3 - h + 8*h**2. Is z(11) a composite number?
False
Suppose l - 3*d - 8 = -0, 3*l + 3*d = 0. Let v(m) = 701*m**3 + m**2 - 3. Is v(l) a prime number?
False
Let d = 6238 + -2189. Is d composite?
False
Let t(l) = l + 3. Let m be t(-1). Suppose -m + 7 = g. Suppose 2*x - 5*x = -4*z - 22, g*x + 4*z = 90. Is x prime?
False
Suppose 13*q = 211391 + 511656. Is q prime?
Tru